posite?
True
Is 34504111 composite?
False
Is 89834831 a prime number?
False
Is 7351523 prime?
True
Is 269507 a composite number?
True
Is 320697037 prime?
False
Is 208585823 a prime number?
True
Is 1373249 prime?
False
Is 50502527 composite?
False
Is 1666657 a composite number?
False
Is 134761 a prime number?
False
Is 847861 composite?
True
Is 672577 a composite number?
False
Is 117951203 composite?
False
Is 77377891 a composite number?
True
Is 3879779 a prime number?
False
Is 10180021 composite?
False
Is 173249 a prime number?
True
Is 60811 prime?
True
Is 42598447 a composite number?
True
Is 133053101 a composite number?
True
Is 125559709 prime?
False
Is 103766903 prime?
True
Is 74396395 composite?
True
Is 2565803 composite?
True
Is 51809381 prime?
False
Is 408277091 composite?
True
Is 680899 composite?
True
Is 66917077 a prime number?
True
Is 9289297 prime?
True
Is 24346081 a composite number?
False
Is 249836659 composite?
False
Is 25687609 a composite number?
False
Is 8215237 composite?
False
Is 133540507 prime?
False
Is 379103003 a composite number?
False
Is 2569531 a prime number?
False
Is 1114457 prime?
False
Is 129998411 prime?
True
Is 1230778 a prime number?
False
Is 380542997 a prime number?
True
Is 430057 a prime number?
True
Is 1516853 a prime number?
False
Is 2364629 a prime number?
True
Is 2522743 a prime number?
True
Is 162959 composite?
True
Is 212536393 prime?
True
Is 29720359 prime?
False
Is 4317623 a composite number?
False
Is 1712531 composite?
False
Is 2810849 composite?
False
Is 4593577 prime?
False
Is 43008743 a prime number?
True
Is 13047581 composite?
False
Is 27229607 composite?
True
Is 51027553 prime?
True
Is 41331431 composite?
False
Is 14222321 a prime number?
True
Is 2518473 composite?
True
Is 164720159 prime?
True
Is 47556167 a composite number?
False
Is 42118717 a prime number?
False
Is 400987 a prime number?
False
Is 5092307 prime?
False
Is 397897 a composite number?
False
Is 1190207 a composite number?
True
Is 269905997 prime?
True
Is 4037459 a composite number?
True
Is 4491227 a prime number?
False
Is 13505911 prime?
True
Is 50680817 composite?
True
Is 33655613 a composite number?
True
Is 2453519 prime?
True
Is 72636269 a composite number?
False
Is 4012574 a prime number?
False
Is 9652463 a composite number?
False
Is 2254249 a prime number?
False
Is 140431 composite?
True
Is 179746907 a composite number?
False
Is 27090991 a composite number?
False
Is 72783397 a composite number?
False
Is 2838343 composite?
True
Is 714061 prime?
True
Is 849649 composite?
False
Is 2836003 composite?
False
Is 1108256159 a composite number?
True
Is 29659757 prime?
False
Is 7407173 a prime number?
False
Is 2648419 prime?
True
Is 14753279 a prime number?
True
Is 1609019 a prime number?
False
Is 2286953 prime?
True
Is 8320177 composite?
False
Is 2036467 a composite number?
True
Is 119401 a composite number?
True
Is 8357749 a composite number?
False
Is 181985603 a composite number?
True
Is 74413309 a composite number?
True
Is 9052334 a composite number?
True
Is 581157391 composite?
False
Is 1242240487 a composite number?
False
Is 57193841 composite?
False
Is 43324031 a prime number?
False
Is 24945167 a composite number?
True
Is 236585 a prime number?
False
Is 317867743 a composite number?
True
Is 22717613 prime?
False
Is 47610457 prime?
True
Is 70781539 prime?
False
Is 50039029 composite?
False
Is 25859207 a composite number?
True
Is 64740317 a prime number?
True
Is 204217289 prime?
True
Is 1123733 prime?
False
Is 5916305 a prime number?
False
Is 1551371 a composite number?
False
Is 6753961 composite?
True
Is 11267567 composite?
True
Is 1694647 prime?
True
Is 3953551 composite?
True
Is 142823717 a composite number?
True
Is 74539787 prime?
False
Is 3574427 a prime number?
False
Is 12515333 a composite number?
True
Is 20709257 prime?
False
Is 13486591 a prime number?
True
Is 32773259 a prime number?
True
Is 392082077 prime?
True
Is 1067071 a composite number?
True
Is 17707 composite?
False
Is 40310863 a composite number?
False
Is 12298801 prime?
True
Is 4232927 prime?
False
Is 346820459 composite?
True
Is 2699867 prime?
True
Is 664624241 a composite number?
False
Is 4109569 prime?
False
Is 7804882 composite?
True
Is 108893671 composite?
True
Is 4248373 a prime number?
False
Is 62018039 prime?
True
Is 873893 prime?
False
Is 567061279 composite?
True
Is 358833 a composite number?
True
Is 68009641 a composite number?
True
Is 106554779 composite?
False
Is 38925371 a prime number?
True
Is 469284503 a composite number?
False
Is 47526223 composite?
True
Is 106225069 composite?
True
Is 530007497 prime?
True
Is 58365353 prime?
True
Is 1650263 a prime number?
True
Is 4854983 prime?
False
Is 202591 prime?
True
Is 2202253 prime?
True
Is 21279169 a composite number?
False
Is 33356549 prime?
False
Is 1174659 prime?
False
Is 13038353 a prime number?
False
Is 8388281 composite?
True
Is 6318371 a prime number?
False
Is 27276973 prime?
False
Is 202714051 composite?
False
Is 12216947 prime?
True
Is 3164179 composite?
True
Is 6744347 a composite number?
False
Is 6921379 prime?
False
Is 30881629 a composite number?
False
Is 602491853 prime?
True
Is 587466493 composite?
False
Is 5023471 a composite number?
False
Is 1055107 composite?
True
Is 14492519 a composite number?
False
Is 11338251 a composite number?
True
Is 31315839 composite?
True
Is 4727939 prime?
True
Is 315671 a prime number?
True
Is 5367569 a prime number?
True
Is 23872297 a prime number?
True
Is 388159 a prime number?
True
Is 76972459 composite?
False
Is 174109153 a composite number?
True
Is 8095783 a composite number?
False
Is 26759 a prime number?
True
Is 14148221 prime?
True
Is 527444761 a composite number?
False
Is 3259369 a composite number?
False
Is 5105995 composite?
True
Is 73278577 a prime number?
True
Is 335207 a prime number?
True
Is 340687147 composite?
False
Is 21329879 a prime number?
True
Is 3471521 prime?
True
Is 1025669 a composite number?
False
Is 24955871 a composite number?
True
Is 47824549 composite?
True
Is 67435231 a prime number?
False
Is 1603135 composite?
True
Is 75022595 prime?
False
Is 2301077 a prime number?
True
Is 120515774 a composite number?
True
Is 3439393 composite?
False
Is 1687781 prime?
True
Is 51962041 a prime number?
True
Is 146581 prime?
True
Is 9839533 composite?
True
Is 2785829 composite?
True
Is 55180543 composite?
True
Is 9347011 prime?
True
Is 902533 a composite number?
True
Is 114602677 composite?
True
Is 21176687 a prime number?
False
Is 91891453 a composite number?
True
Is 405437 a prime number?
True
Is 96872143 composite?
False
Is 26104142 a composite number?
True
Is 146240441 composite?
False
Is 304063 composite?
False
Is 8413373 a prime number?
True
Is 33114637 a prime number?
True
Is 27043183 composite?
True
Is 1747351 composite?
True
Is 410830859 prime?
True
Is 7384829 prime?
False
Is 79494999 a prime number?
False
Is 67377929 a composite number?
False
Is 66512063 prime?
True
Is 176708801 a prime number?
False
Is 993269 a prime number?
True
Is 633238447 a prime number?
True
Is 244045073 a composite number?
False
Is 20679143 composite?
True
Is 9388661 prime?
True
Is 415441 a prime number?
False
Is 47591863 a prime number?
False
Is 121312361 prime?
True
Is 15390341 composite?
False
Is 4852597 a composite number?
True
Is 2135571083 composite?
False
Is 9056539 prime?
False
Is 140645293 prime?
False
Is 7763827 a composite number?
False
Is 2284631 composite?
False
Is 4550551 prime?
False
Is 46207549 prime?
False
Is 302484415 a prime number?
False
Is 147545861 prime?
True
Is 59969803 a prime number?
True
Is 34714447 composite?
True
Is 1375954 a prime number?
False
Is 13326031 a prime number?
False
Is 37006933 a prime number?
True
Is 2104183 prime?
False
Is 2190131 prime?
True
Is 352721 a prime number?
False
Is 348267977 a composite number?
True
Is 15659257 a composite number?
False
Is 224882653 prime?
False
Is 4360799 composite?
True
Is 22591909 composite?
False
Is 2308321 prime?
True
Is 894109 a prime number?
True
Is 45319837 prime?
False
Is 2507383 a composite number?
False
Is 5837563 composite?
True
Is 2713613 prime?
False
Is 1271437 composite?
True
Is 26260187 prime?
False
Is 4308319 prime?
True
Is 9948589 a prime number?
False
Is 25031713 